e greatest common divisor of 358140 and 4131300?
2820
Calculate the greatest common divisor of 4566618 and 252.
126
What is the greatest common factor of 25901 and 26735539?
439
Calculate the highest common divisor of 478898 and 4101048.
1106
What is the greatest common factor of 2845 and 977?
1
What is the greatest common factor of 1582 and 1043644?
14
Calculate the highest common factor of 6686244 and 324.
36
Calculate the greatest common factor of 5088198 and 1104.
138
Calculate the greatest common divisor of 350 and 288540.
70
What is the highest common divisor of 85484803 and 1195?
239
Calculate the greatest common divisor of 166 and 20540259.
83
What is the greatest common divisor of 26074438 and 208?
26
What is the highest common factor of 28324 and 135926?
146
What is the highest common divisor of 108768 and 473388?
1236
Calculate the highest common divisor of 116 and 247552758.
58
What is the greatest common divisor of 305510 and 9316?
274
What is the highest common factor of 3646737 and 717210?
5517
What is the highest common factor of 4648 and 100682071?
581
What is the highest common divisor of 322 and 53550?
14
Calculate the highest common divisor of 65623089 and 1887.
111
Calculate the greatest common divisor of 26017935 and 1995.
285
What is the highest common divisor of 225522133 and 131?
131
Calculate the highest common factor of 21 and 1544466.
21
Calculate the greatest common factor of 3281323 and 1489183.
4267
What is the highest common factor of 60 and 36687495?
15
Calculate the greatest common divisor of 9513 and 8829121.
1057
What is the highest common divisor of 2023 and 155057?
119
Calculate the greatest common factor of 2227248 and 432.
144
Calculate the highest common divisor of 4481022 and 1273506.
2262
What is the greatest common factor of 9436 and 75098765?
2359
Calculate the greatest common divisor of 22104038 and 44.
22
What is the greatest common divisor of 151455 and 2914960?
2195
Calculate the greatest common divisor of 118102638 and 408.
102
Calculate the highest common divisor of 589 and 4273803.
19
What is the greatest common divisor of 9128707 and 386?
193
Calculate the greatest common divisor of 11 and 768568141.
11
Calculate the highest common divisor of 26 and 260881192.
26
What is the highest common divisor of 23272097 and 47?
47
Calculate the highest common factor of 1593 and 3536283.
177
What is the highest common factor of 9152 and 1161080?
8
Calculate the greatest common divisor of 217 and 892456985.
217
What is the highest common factor of 2062 and 111467596?
2062
Calculate the greatest common factor of 2 and 1564423.
1
What is the greatest common factor of 3341248 and 13328?
272
What is the highest common divisor of 368480 and 3500?
140
Calculate the highest common divisor of 8 and 410659584.
8
What is the highest common divisor of 565 and 38496049?
113
Calculate the highest common divisor of 2122302 and 31211.
23
Calculate the highest common factor of 218279815 and 65.
65
What is the highest common divisor of 210042040 and 195?
65
Calculate the greatest common factor of 96622 and 86.
2
What is the greatest common divisor of 3290014 and 364?
182
What is the greatest common divisor of 22 and 495209?
11
Calculate the greatest common factor of 3432000 and 5616.
624
What is the greatest common divisor of 40 and 121347848?
8
What is the greatest common factor of 264976 and 51360?
16
What is the greatest common divisor of 13039404 and 60?
12
Calculate the highest common factor of 2720 and 6045472.
544
What is the highest common factor of 31656900 and 3975?
3975
What is the highest common factor of 1752513 and 28?
7
What is the highest common factor of 255 and 1026732255?
255
Calculate the highest common divisor of 1620278 and 5170.
1034
Calculate the highest common divisor of 355720392 and 1656.
1656
What is the highest common divisor of 1631883 and 6?
3
Calculate the highest common divisor of 211294702 and 52382.
4762
Calculate the highest common divisor of 290 and 8217368080.
290
Calculate the greatest common factor of 188110 and 3530.
10
Calculate the highest common factor of 35578805 and 1745.
1745
What is the highest common factor of 285 and 41895930?
15
What is the highest common divisor of 116815 and 36905?
305
What is the highest common factor of 563 and 1182?
1
Calculate the greatest common divisor of 2567 and 488291.
17
What is the highest common factor of 49320365 and 5645?
5645
What is the highest common divisor of 4633260 and 78?
6
Calculate the highest common factor of 5680 and 5665.
5
What is the greatest common factor of 126 and 30518901?
63
What is the highest common divisor of 91841577 and 3972?
993
What is the greatest common divisor of 64452 and 19519?
131
Calculate the highest common divisor of 189665017 and 316.
79
Calculate the greatest common divisor of 3297 and 118601.
7
What is the highest common factor of 294 and 1110973962?
294
What is the greatest common factor of 1794958 and 1826?
1826
Calculate the highest common factor of 105 and 165379165.
35
Calculate the greatest common divisor of 75845 and 19855.
55
What is the highest common divisor of 3051660 and 311320?
3620
What is the highest common divisor of 854513 and 253?
11
Calculate the highest common factor of 1067 and 920183.
11
What is the highest common divisor of 104 and 86380268?
52
Calculate the highest common divisor of 11948400 and 97200.
3600
What is the highest common factor of 130 and 535636?
2
What is the greatest common factor of 8308 and 208444?
124
Calculate the highest common factor of 5743325 and 5550.
925
What is the greatest common divisor of 911070 and 19035?
45
Calculate the greatest common divisor of 3 and 3279108.
3
What is the greatest common factor of 11641137 and 18681?
1437
Calculate the highest common factor of 2730354 and 21648.
2706
Calculate the greatest common divisor of 4954715 and 6735.
2245
Calculate the greatest common divisor of 40851 and 48977323.
1513
What is the greatest common divisor of 3426 and 356603204?
1142
What is the highest common divisor of 35958798 and 138?
138
What is the greatest common factor of 205919134 and 814?
74
What is the greatest common factor of 6882884 and 186964?
4348
Calculate the highest common factor of 5180350 and 4100.
2050
What is the greatest common divisor of 765971406 and 36?
18
What is the highest common factor of 5230236 and 1144?
44
Calculate the highest common divisor of 5100660 and 44892.
1548
What is the greatest common factor of 796 and 231930719?
199
Calculate the greatest common factor of 9101783 and 85.
17
Calculate the highest common factor of 172676 and 9772052.
3524
What is the greatest common factor of 149120 and 6640?
80
What is the highest common factor of 4036 and 39714240?
4036
What is the highest common divisor of 385 and 4372165?
35
What is the highest common factor of 33 and 95365938?
3
What is the greatest common factor of 14496595 and 9145?
295
What is the highest common factor of 392 and 967960?
56
Calculate the greatest common divisor of 1175 and 1442600.
25
What is the highest common divisor of 94776 and 369204?
132
What is the highest common divisor of 206736 and 3517344?
2832
What is the greatest common factor of 84250 and 63375?
125
What is the greatest common factor of 8 and 546199928?
8
What is the greatest common factor of 98643 and 366711?
753
What is the highest common factor of 1288 and 63785463?
161
What is the greatest common divisor of 3485 and 1788247?
17
What is the highest common factor of 2160 and 183735?
135
What is the highest common divisor of 280125 and 532125?
1125
Calculate the highest common factor of 47928151 and 17.
17
What is the greatest common factor of 237 and 96492?
3
Calculate the greatest common divisor of 143 and 22099909.
13
What is the greatest common divisor of 828 and 2887596?
36
Calculate the highest common divisor of 1290 and 9795.
15
Calculate the greatest common factor of 600 and 1071192.
24
Calculate the highest common factor of 90991 and 8.
1
What is the greatest common divisor of 129543910 and 6640?
830
What is the highest common divisor of 3882 and 26228733?
1941
What is the highest common factor of 45144 and 4617?
513
What is the highest common factor of 116403010 and 6939